{"id":781,"date":"2018-05-26T17:35:00","date_gmt":"2018-05-26T17:35:00","guid":{"rendered":"http:\/\/www.secondhandchild.ch\/wordpress\/?page_id=781"},"modified":"2018-05-26T18:26:54","modified_gmt":"2018-05-26T18:26:54","slug":"imprint","status":"publish","type":"page","link":"https:\/\/www.secondhandchild.ch\/wordpress\/?page_id=781","title":{"rendered":"Imprint"},"content":{"rendered":"<h2><strong>Page Admin\/Proprietor:<\/strong><\/h2>\n<p>Kurt Meinicke<\/p>\n<h2><strong>Responsible persons for the site content:<\/strong><\/h2>\n<p>ShC <em>(i.e. all former band-members)<\/em><\/p>\n<p>More information including contact details can be requested with respective justification via e-mail: <a href=\"mailto:kurt@secondhandchild.ch\"><strong>kurt@secondhandchild.ch<\/strong><\/a><\/p>\n<p>How we treat received messages and the included information can be read in our <a href=\"https:\/\/www.secondhandchild.ch\/wordpress\/?page_id=777\" rel=\"noopener\" target=\"_blank\"><strong>Privacy Policy<\/strong><\/a> (section &#8220;Kontaktaufnahme&#8221; &#8211; <strong>german only<\/strong>).<\/p>\n","protected":false},"excerpt":{"rendered":"<p>Page Admin\/Proprietor: Kurt Meinicke Responsible persons for the site content: ShC (i.e. all former band-members) More information including contact details can be requested with respective justification via e-mail: kurt@secondhandchild.ch How we treat received messages and the included information can be &hellip; <a href=\"https:\/\/www.secondhandchild.ch\/wordpress\/?page_id=781\">Continue reading <span class=\"meta-nav\">&rarr;<\/span><\/a><\/p>\n","protected":false},"author":1,"featured_media":0,"parent":758,"menu_order":6,"comment_status":"closed","ping_status":"closed","template":"","meta":{"footnotes":""},"class_list":["post-781","page","type-page","status-publish","hentry"],"jetpack_sharing_enabled":true,"jetpack_shortlink":"https:\/\/wp.me\/P73Hwi-cB","jetpack-related-posts":[{"id":779,"url":"https:\/\/www.secondhandchild.ch\/wordpress\/?page_id=779","url_meta":{"origin":781,"position":0},"title":"Impressum","author":"K","date":"26\/05\/2018","format":false,"excerpt":"Seitenbetreiber\/Inhaber: Kurt Meinicke Verantwortliche f\u00fcr den Seiteninhalt: ShC (i.e. alle ehemaligen Band-Mitglieder) Weitere Informationen sowie Kontaktdaten k\u00f6nnen mit entsprechender Begr\u00fcndung per E-mail angefordert werden: kurt@secondhandchild.ch Wie wir mit erhaltenen Nachrichten und den darin enthaltenen Daten umgehen kann man in unserer Datenschutzerkl\u00e4rung (im Abschnitt \"Kontaktaufnahme\") nachlesen.","rel":"","context":"Similar post","block_context":{"text":"Similar post","link":""},"img":{"alt_text":"","src":"","width":0,"height":0},"classes":[]},{"id":775,"url":"https:\/\/www.secondhandchild.ch\/wordpress\/?page_id=775","url_meta":{"origin":781,"position":1},"title":"Datenschutzerkl\u00e4rung","author":"K","date":"26\/05\/2018","format":false,"excerpt":"Wer wir sind Unsere Webadresse lautet: http:\/\/www.secondhandchild.ch\/wordpress Diese Webseite ist ein Non-Profit Informationsportal der Band Secondhand Child (ShC). Man findet hier Informationen zum Schaffen der Band und deren Ver\u00f6ffentlichungen (Alben und Videos) und Auftritte. Wir nehmen den Schutz personenbezogener Daten sehr ernst. Secondhandchild.ch verarbeitet personenbezogene Daten nur, sofern das Gesetz\u2026","rel":"","context":"Similar post","block_context":{"text":"Similar post","link":""},"img":{"alt_text":"","src":"","width":0,"height":0},"classes":[]},{"id":777,"url":"https:\/\/www.secondhandchild.ch\/wordpress\/?page_id=777","url_meta":{"origin":781,"position":2},"title":"Privacy Policy","author":"K","date":"26\/05\/2018","format":false,"excerpt":"Well...sorry folks, but we won't translate this part! It just explains, in accordance with the EU GDPR, what data is collected by this page, how it is treated and what the rights of visitors of this page are (i.e. request information regarding personal data and\/or request deletion of said data).\u2026","rel":"","context":"Similar post","block_context":{"text":"Similar post","link":""},"img":{"alt_text":"","src":"","width":0,"height":0},"classes":[]}],"_links":{"self":[{"href":"https:\/\/www.secondhandchild.ch\/wordpress\/index.php?rest_route=\/wp\/v2\/pages\/781","targetHints":{"allow":["GET"]}}],"collection":[{"href":"https:\/\/www.secondhandchild.ch\/wordpress\/index.php?rest_route=\/wp\/v2\/pages"}],"about":[{"href":"https:\/\/www.secondhandchild.ch\/wordpress\/index.php?rest_route=\/wp\/v2\/types\/page"}],"author":[{"embeddable":true,"href":"https:\/\/www.secondhandchild.ch\/wordpress\/index.php?rest_route=\/wp\/v2\/users\/1"}],"replies":[{"embeddable":true,"href":"https:\/\/www.secondhandchild.ch\/wordpress\/index.php?rest_route=%2Fwp%2Fv2%2Fcomments&post=781"}],"version-history":[{"count":1,"href":"https:\/\/www.secondhandchild.ch\/wordpress\/index.php?rest_route=\/wp\/v2\/pages\/781\/revisions"}],"predecessor-version":[{"id":783,"href":"https:\/\/www.secondhandchild.ch\/wordpress\/index.php?rest_route=\/wp\/v2\/pages\/781\/revisions\/783"}],"up":[{"embeddable":true,"href":"https:\/\/www.secondhandchild.ch\/wordpress\/index.php?rest_route=\/wp\/v2\/pages\/758"}],"wp:attachment":[{"href":"https:\/\/www.secondhandchild.ch\/wordpress\/index.php?rest_route=%2Fwp%2Fv2%2Fmedia&parent=781"}],"curies":[{"name":"wp","href":"https:\/\/api.w.org\/{rel}","templated":true}]}}